{"id":2938,"date":"2025-02-12T18:55:16","date_gmt":"2025-02-12T15:55:16","guid":{"rendered":"https:\/\/www.masajest.com\/masaj\/?post_type=product&#038;p=2938"},"modified":"2025-02-12T18:55:16","modified_gmt":"2025-02-12T15:55:16","slug":"masoz-valentina","status":"publish","type":"product","link":"https:\/\/www.masajest.com\/masaj\/reklamlar\/masoz-valentina\/","title":{"rendered":"Mas\u00f6z Valentina"},"content":{"rendered":"<div class=\"flex flex-grow flex-col max-w-full\">\n<div class=\"min-h-[20px] text-message flex flex-col items-start whitespace-pre-wrap break-words [.text-message+&amp;]:mt-5 juice:w-full juice:items-end overflow-x-auto gap-2\" dir=\"auto\" data-message-author-role=\"assistant\" data-message-id=\"726dff40-90bf-4b14-b3f1-27f4bd25eaaa\">\n<div class=\"flex w-full flex-col gap-1 juice:empty:hidden juice:first:pt-[3px]\">\n<div class=\"markdown prose w-full break-words dark:prose-invert dark\">\n<h3>Mas\u00f6z Valentina: Zihninizi ve V\u00fccudunuzu Dinlendiren Sihirli Eller<\/h3>\n<p><strong>Mas\u00f6z:<\/strong> &#8220;Mas\u00f6z Valentina ile yenilenin, mutlulu\u011fu hissedin!&#8221;<\/p>\n<p>Mas\u00f6z Valentina, kendini s\u00fcrekli geli\u015ftiren ve masaj tekniklerinde uzmanla\u015fan bir terapisttir. Yenilik\u00e7i yakla\u015f\u0131mlar\u0131 ve bireysel ihtiya\u00e7lara y\u00f6nelik \u00f6zelle\u015ftirilmi\u015f seanslar\u0131 ile her m\u00fc\u015fterisini \u00f6zel hissettirir. Masaj konusunda geni\u015f bir deneyime sahip olan Valentina, rahatlat\u0131c\u0131, terap\u00f6tik ve canland\u0131r\u0131c\u0131 masajlar sunarak, bedeninizdeki t\u00fcm gerginlikleri ve stresleri geride b\u0131rakman\u0131z\u0131 sa\u011flar. Her seans\u0131, zihinsel ve bedensel iyile\u015fme yolculu\u011funuzda bir ad\u0131m daha ileriye ta\u015f\u0131r.<\/p>\n<p>Valentina, masaj\u0131n yaln\u0131zca bir l\u00fcks de\u011fil, sa\u011fl\u0131\u011f\u0131n\u0131z i\u00e7in \u00f6nemli bir gereklilik oldu\u011funu savunur. Kendi masaj anlay\u0131\u015f\u0131n\u0131 &#8220;bedenle bar\u0131\u015f&#8221; olarak tan\u0131mlar. Farkl\u0131 masaj tekniklerini harmanlayarak, her seans\u0131n daha etkili ve \u00f6zelle\u015ftirilmi\u015f olmas\u0131n\u0131 sa\u011flar. Masaj sonras\u0131 rahatlam\u0131\u015f, enerji dolu ve huzurlu hissedersiniz.<\/p>\n<p><strong>Masaj T\u00fcrleri:<\/strong><\/p>\n<ul>\n<li><strong>Aromaterapi Masaj\u0131:<\/strong> Ruh halinizi dengeleyerek, v\u00fccudunuzda rahatlamay\u0131 sa\u011flar.<\/li>\n<li><strong>Terap\u00f6tik Masaj:<\/strong> Kas a\u011fr\u0131lar\u0131, gerginlikler ve stresle m\u00fccadele eder.<\/li>\n<li><strong>Shiatzu ve Thai Masaj\u0131:<\/strong> Derinlemesine rahatlama ve v\u00fccudu canland\u0131rma.<\/li>\n<li><strong>S\u0131cak Ta\u015f Masaj\u0131:<\/strong> Kaslardaki gerginli\u011fi azalt\u0131r, rahatlat\u0131c\u0131 bir etki sa\u011flar.<\/li>\n<\/ul>\n<h3>Mutlu Masaj:<\/h3>\n<p>Masaj, yaln\u0131zca fiziksel rahatlamadan \u00e7ok daha fazlas\u0131d\u0131r; bir t\u00fcr yenilenme, i\u00e7sel denge bulma s\u00fcrecidir. Mas\u00f6z Valentina&#8217;n\u0131n uygulad\u0131\u011f\u0131 masaj seanslar\u0131, &#8220;mutlu masaj&#8221; deneyimini tam anlam\u0131yla sunar. Kendi elleriyle bedeni dinlendirirken, bir yandan da ruhunuzu da\u011f\u0131n\u0131kl\u0131ktan ar\u0131nd\u0131r\u0131r. Her bir dokunu\u015f, insan\u0131 huzura ve mutlulu\u011fa ta\u015f\u0131r. Masajdan sonra, bedensel a\u011fr\u0131lar\u0131n\u0131z\u0131n hafifledi\u011fini, ruhsal olarak daha dengede oldu\u011funuzu ve pozitif enerjinizin artt\u0131\u011f\u0131n\u0131 hissedersiniz.<\/p>\n<p>Masajdan sonra hissedilen &#8220;mutluluk&#8221; ve &#8220;rahatlama&#8221;, Valentina&#8217;n\u0131n yetenekli elleriyle birle\u015fince ger\u00e7ekten e\u015fsiz bir deneyim haline gelir. Bu da Mas\u00f6z Valentina&#8217;n\u0131n masajlar\u0131n\u0131n neden tercih edilen bir terapi y\u00f6ntemi oldu\u011funu a\u00e7\u0131k\u00e7a ortaya koyar.<\/p>\n<\/div>\n<\/div>\n<\/div>\n<\/div>\n","protected":false},"excerpt":{"rendered":"<p><strong>Mas\u00f6z Valentina<\/strong><br \/>\nValentina, masaj\u0131n sanat\u0131yla bedenin ve ruhun derinliklerine yolculuk yapman\u0131z\u0131 sa\u011flayan deneyimli bir terapisttir. Kendine has teknikleri ve uzmanl\u0131k alanlar\u0131yla her seans, yenilenmi\u015f bir enerji ve sakinle\u015fmi\u015f bir zihinle tamamlan\u0131r. Bedeninizin ihtiya\u00e7lar\u0131n\u0131 hissedip, ona en uygun masaj t\u00fcr\u00fcn\u00fc sunarak, hem fiziksel hem de mental rahatlama sa\u011flar. G\u00fcvenilir, profesyonel ve zarif dokunu\u015flar\u0131yla, masajdan alaca\u011f\u0131n\u0131z verimi en \u00fcst d\u00fczeye \u00e7\u0131kar\u0131r.<\/p>\n<p><strong>Mas\u00f6z:<\/strong><br \/>\n<em>Her dokunu\u015f, huzurun kap\u0131lar\u0131n\u0131 aralar\u2026 Valentina ile masaj, sadece rahatl\u0131k de\u011fil, yenilenmi\u015f bir ya\u015fam.<\/em><\/p>\n<hr \/>\n<p><strong>Masajla Yenilenin<\/strong><br \/>\nMasaj, sadece kaslar\u0131 gev\u015fetmekle kalmaz, ruhunuzu da dinlendirir. Valentina\u2019n\u0131n uzman ellerinde, her seans bir iyile\u015fme s\u00fcrecine d\u00f6n\u00fc\u015f\u00fcr. Bedensel yorgunluk ve stresin verdi\u011fi etkiler, onun \u00f6zel teknikleriyle kaybolur. Zihninizi bo\u015falt\u0131n, bedeninizi \u015f\u0131mart\u0131n; masaj\u0131n iyile\u015ftirici g\u00fcc\u00fcn\u00fc ke\u015ffedin.<\/p>\n","protected":false},"featured_media":2943,"comment_status":"open","ping_status":"closed","template":"","meta":[],"product_brand":[],"product_cat":[15],"product_tag":[],"class_list":{"0":"post-2938","1":"product","2":"type-product","3":"status-publish","4":"has-post-thumbnail","6":"product_cat-masajest","8":"first","9":"instock","10":"shipping-taxable","11":"product-type-simple"},"yoast_head":"<!-- This site is optimized with the Yoast SEO plugin v27.0 - https:\/\/yoast.com\/product\/yoast-seo-wordpress\/ -->\n<title>Mas\u00f6z Valentina - masajest.com<\/title>\n<meta name=\"robots\" content=\"index, follow, max-snippet:-1, max-image-preview:large, max-video-preview:-1\" \/>\n<link rel=\"canonical\" href=\"https:\/\/www.masajest.com\/masaj\/reklamlar\/masoz-valentina\/\" \/>\n<meta property=\"og:locale\" content=\"tr_TR\" \/>\n<meta property=\"og:type\" content=\"article\" \/>\n<meta property=\"og:title\" content=\"Mas\u00f6z Valentina - masajest.com\" \/>\n<meta property=\"og:description\" content=\"Mas\u00f6z Valentina Valentina, masaj\u0131n sanat\u0131yla bedenin ve ruhun derinliklerine yolculuk yapman\u0131z\u0131 sa\u011flayan deneyimli bir terapisttir. Kendine has teknikleri ve uzmanl\u0131k alanlar\u0131yla her seans, yenilenmi\u015f bir enerji ve sakinle\u015fmi\u015f bir zihinle tamamlan\u0131r. Bedeninizin ihtiya\u00e7lar\u0131n\u0131 hissedip, ona en uygun masaj t\u00fcr\u00fcn\u00fc sunarak, hem fiziksel hem de mental rahatlama sa\u011flar. G\u00fcvenilir, profesyonel ve zarif dokunu\u015flar\u0131yla, masajdan alaca\u011f\u0131n\u0131z verimi en \u00fcst d\u00fczeye \u00e7\u0131kar\u0131r.  Mas\u00f6z: Her dokunu\u015f, huzurun kap\u0131lar\u0131n\u0131 aralar\u2026 Valentina ile masaj, sadece rahatl\u0131k de\u011fil, yenilenmi\u015f bir ya\u015fam.    Masajla Yenilenin Masaj, sadece kaslar\u0131 gev\u015fetmekle kalmaz, ruhunuzu da dinlendirir. Valentina\u2019n\u0131n uzman ellerinde, her seans bir iyile\u015fme s\u00fcrecine d\u00f6n\u00fc\u015f\u00fcr. Bedensel yorgunluk ve stresin verdi\u011fi etkiler, onun \u00f6zel teknikleriyle kaybolur. Zihninizi bo\u015falt\u0131n, bedeninizi \u015f\u0131mart\u0131n; masaj\u0131n iyile\u015ftirici g\u00fcc\u00fcn\u00fc ke\u015ffedin.\" \/>\n<meta property=\"og:url\" content=\"https:\/\/www.masajest.com\/masaj\/reklamlar\/masoz-valentina\/\" \/>\n<meta property=\"og:site_name\" content=\"masajest.com\" \/>\n<meta property=\"og:image\" content=\"https:\/\/cdn.pixabay.com\/photo\/2023\/06\/22\/12\/05\/aesthetics-8081315_1280.jpg\" \/>\n<meta name=\"twitter:card\" content=\"summary_large_image\" \/>\n<meta name=\"twitter:image\" content=\"https:\/\/cdn.pixabay.com\/photo\/2023\/06\/22\/12\/05\/aesthetics-8081315_1280.jpg\" \/>\n<meta name=\"twitter:label1\" content=\"Tahmini okuma s\u00fcresi\" \/>\n\t<meta name=\"twitter:data1\" content=\"2 dakika\" \/>\n<script type=\"application\/ld+json\" class=\"yoast-schema-graph\">{\"@context\":\"https:\/\/schema.org\",\"@graph\":[{\"@type\":\"WebPage\",\"@id\":\"https:\/\/www.masajest.com\/masaj\/reklamlar\/masoz-valentina\/\",\"url\":\"https:\/\/www.masajest.com\/masaj\/reklamlar\/masoz-valentina\/\",\"name\":\"Mas\u00f6z Valentina - masajest.com\",\"isPartOf\":{\"@id\":\"https:\/\/www.masajest.com\/masaj\/#website\"},\"primaryImageOfPage\":{\"@id\":\"https:\/\/www.masajest.com\/masaj\/reklamlar\/masoz-valentina\/#primaryimage\"},\"image\":{\"@id\":\"https:\/\/www.masajest.com\/masaj\/reklamlar\/masoz-valentina\/#primaryimage\"},\"thumbnailUrl\":\"https:\/\/cdn.pixabay.com\/photo\/2023\/06\/22\/12\/05\/aesthetics-8081315_1280.jpg\",\"datePublished\":\"2025-02-12T15:55:16+00:00\",\"breadcrumb\":{\"@id\":\"https:\/\/www.masajest.com\/masaj\/reklamlar\/masoz-valentina\/#breadcrumb\"},\"inLanguage\":\"tr\",\"potentialAction\":[{\"@type\":\"ReadAction\",\"target\":[\"https:\/\/www.masajest.com\/masaj\/reklamlar\/masoz-valentina\/\"]}]},{\"@type\":\"ImageObject\",\"inLanguage\":\"tr\",\"@id\":\"https:\/\/www.masajest.com\/masaj\/reklamlar\/masoz-valentina\/#primaryimage\",\"url\":\"https:\/\/cdn.pixabay.com\/photo\/2023\/06\/22\/12\/05\/aesthetics-8081315_1280.jpg\",\"contentUrl\":\"https:\/\/cdn.pixabay.com\/photo\/2023\/06\/22\/12\/05\/aesthetics-8081315_1280.jpg\",\"width\":\"853\",\"height\":\"1280\"},{\"@type\":\"BreadcrumbList\",\"@id\":\"https:\/\/www.masajest.com\/masaj\/reklamlar\/masoz-valentina\/#breadcrumb\",\"itemListElement\":[{\"@type\":\"ListItem\",\"position\":1,\"name\":\"Anasayfa\",\"item\":\"https:\/\/www.masajest.com\/masaj\/\"},{\"@type\":\"ListItem\",\"position\":2,\"name\":\"MASAJEST\",\"item\":\"https:\/\/www.masajest.com\/masaj\/masajest\/\"},{\"@type\":\"ListItem\",\"position\":3,\"name\":\"Mas\u00f6z Valentina\"}]},{\"@type\":\"WebSite\",\"@id\":\"https:\/\/www.masajest.com\/masaj\/#website\",\"url\":\"https:\/\/www.masajest.com\/masaj\/\",\"name\":\"masajest.com\",\"description\":\"masajest.com\",\"potentialAction\":[{\"@type\":\"SearchAction\",\"target\":{\"@type\":\"EntryPoint\",\"urlTemplate\":\"https:\/\/www.masajest.com\/masaj\/?s={search_term_string}\"},\"query-input\":{\"@type\":\"PropertyValueSpecification\",\"valueRequired\":true,\"valueName\":\"search_term_string\"}}],\"inLanguage\":\"tr\"}]}<\/script>\n<!-- \/ Yoast SEO plugin. -->","yoast_head_json":{"title":"Mas\u00f6z Valentina - masajest.com","robots":{"index":"index","follow":"follow","max-snippet":"max-snippet:-1","max-image-preview":"max-image-preview:large","max-video-preview":"max-video-preview:-1"},"canonical":"https:\/\/www.masajest.com\/masaj\/reklamlar\/masoz-valentina\/","og_locale":"tr_TR","og_type":"article","og_title":"Mas\u00f6z Valentina - masajest.com","og_description":"Mas\u00f6z Valentina Valentina, masaj\u0131n sanat\u0131yla bedenin ve ruhun derinliklerine yolculuk yapman\u0131z\u0131 sa\u011flayan deneyimli bir terapisttir. Kendine has teknikleri ve uzmanl\u0131k alanlar\u0131yla her seans, yenilenmi\u015f bir enerji ve sakinle\u015fmi\u015f bir zihinle tamamlan\u0131r. Bedeninizin ihtiya\u00e7lar\u0131n\u0131 hissedip, ona en uygun masaj t\u00fcr\u00fcn\u00fc sunarak, hem fiziksel hem de mental rahatlama sa\u011flar. G\u00fcvenilir, profesyonel ve zarif dokunu\u015flar\u0131yla, masajdan alaca\u011f\u0131n\u0131z verimi en \u00fcst d\u00fczeye \u00e7\u0131kar\u0131r.  Mas\u00f6z: Her dokunu\u015f, huzurun kap\u0131lar\u0131n\u0131 aralar\u2026 Valentina ile masaj, sadece rahatl\u0131k de\u011fil, yenilenmi\u015f bir ya\u015fam.    Masajla Yenilenin Masaj, sadece kaslar\u0131 gev\u015fetmekle kalmaz, ruhunuzu da dinlendirir. Valentina\u2019n\u0131n uzman ellerinde, her seans bir iyile\u015fme s\u00fcrecine d\u00f6n\u00fc\u015f\u00fcr. Bedensel yorgunluk ve stresin verdi\u011fi etkiler, onun \u00f6zel teknikleriyle kaybolur. Zihninizi bo\u015falt\u0131n, bedeninizi \u015f\u0131mart\u0131n; masaj\u0131n iyile\u015ftirici g\u00fcc\u00fcn\u00fc ke\u015ffedin.","og_url":"https:\/\/www.masajest.com\/masaj\/reklamlar\/masoz-valentina\/","og_site_name":"masajest.com","og_image":[{"url":"https:\/\/cdn.pixabay.com\/photo\/2023\/06\/22\/12\/05\/aesthetics-8081315_1280.jpg","type":"","width":"","height":""}],"twitter_card":"summary_large_image","twitter_image":"https:\/\/cdn.pixabay.com\/photo\/2023\/06\/22\/12\/05\/aesthetics-8081315_1280.jpg","twitter_misc":{"Tahmini okuma s\u00fcresi":"2 dakika"},"schema":{"@context":"https:\/\/schema.org","@graph":[{"@type":"WebPage","@id":"https:\/\/www.masajest.com\/masaj\/reklamlar\/masoz-valentina\/","url":"https:\/\/www.masajest.com\/masaj\/reklamlar\/masoz-valentina\/","name":"Mas\u00f6z Valentina - masajest.com","isPartOf":{"@id":"https:\/\/www.masajest.com\/masaj\/#website"},"primaryImageOfPage":{"@id":"https:\/\/www.masajest.com\/masaj\/reklamlar\/masoz-valentina\/#primaryimage"},"image":{"@id":"https:\/\/www.masajest.com\/masaj\/reklamlar\/masoz-valentina\/#primaryimage"},"thumbnailUrl":"https:\/\/cdn.pixabay.com\/photo\/2023\/06\/22\/12\/05\/aesthetics-8081315_1280.jpg","datePublished":"2025-02-12T15:55:16+00:00","breadcrumb":{"@id":"https:\/\/www.masajest.com\/masaj\/reklamlar\/masoz-valentina\/#breadcrumb"},"inLanguage":"tr","potentialAction":[{"@type":"ReadAction","target":["https:\/\/www.masajest.com\/masaj\/reklamlar\/masoz-valentina\/"]}]},{"@type":"ImageObject","inLanguage":"tr","@id":"https:\/\/www.masajest.com\/masaj\/reklamlar\/masoz-valentina\/#primaryimage","url":"https:\/\/cdn.pixabay.com\/photo\/2023\/06\/22\/12\/05\/aesthetics-8081315_1280.jpg","contentUrl":"https:\/\/cdn.pixabay.com\/photo\/2023\/06\/22\/12\/05\/aesthetics-8081315_1280.jpg","width":"853","height":"1280"},{"@type":"BreadcrumbList","@id":"https:\/\/www.masajest.com\/masaj\/reklamlar\/masoz-valentina\/#breadcrumb","itemListElement":[{"@type":"ListItem","position":1,"name":"Anasayfa","item":"https:\/\/www.masajest.com\/masaj\/"},{"@type":"ListItem","position":2,"name":"MASAJEST","item":"https:\/\/www.masajest.com\/masaj\/masajest\/"},{"@type":"ListItem","position":3,"name":"Mas\u00f6z Valentina"}]},{"@type":"WebSite","@id":"https:\/\/www.masajest.com\/masaj\/#website","url":"https:\/\/www.masajest.com\/masaj\/","name":"masajest.com","description":"masajest.com","potentialAction":[{"@type":"SearchAction","target":{"@type":"EntryPoint","urlTemplate":"https:\/\/www.masajest.com\/masaj\/?s={search_term_string}"},"query-input":{"@type":"PropertyValueSpecification","valueRequired":true,"valueName":"search_term_string"}}],"inLanguage":"tr"}]}},"_links":{"self":[{"href":"https:\/\/www.masajest.com\/masaj\/wp-json\/wp\/v2\/product\/2938","targetHints":{"allow":["GET"]}}],"collection":[{"href":"https:\/\/www.masajest.com\/masaj\/wp-json\/wp\/v2\/product"}],"about":[{"href":"https:\/\/www.masajest.com\/masaj\/wp-json\/wp\/v2\/types\/product"}],"replies":[{"embeddable":true,"href":"https:\/\/www.masajest.com\/masaj\/wp-json\/wp\/v2\/comments?post=2938"}],"wp:featuredmedia":[{"embeddable":true,"href":"https:\/\/www.masajest.com\/masaj\/wp-json\/wp\/v2\/media\/2943"}],"wp:attachment":[{"href":"https:\/\/www.masajest.com\/masaj\/wp-json\/wp\/v2\/media?parent=2938"}],"wp:term":[{"taxonomy":"product_brand","embeddable":true,"href":"https:\/\/www.masajest.com\/masaj\/wp-json\/wp\/v2\/product_brand?post=2938"},{"taxonomy":"product_cat","embeddable":true,"href":"https:\/\/www.masajest.com\/masaj\/wp-json\/wp\/v2\/product_cat?post=2938"},{"taxonomy":"product_tag","embeddable":true,"href":"https:\/\/www.masajest.com\/masaj\/wp-json\/wp\/v2\/product_tag?post=2938"}],"curies":[{"name":"wp","href":"https:\/\/api.w.org\/{rel}","templated":true}]}}