{"id":2913,"date":"2025-02-12T18:45:12","date_gmt":"2025-02-12T15:45:12","guid":{"rendered":"https:\/\/www.masajest.com\/masaj\/?post_type=product&#038;p=2913"},"modified":"2025-02-12T18:45:12","modified_gmt":"2025-02-12T15:45:12","slug":"masoz-efsun","status":"publish","type":"product","link":"https:\/\/www.masajest.com\/masaj\/reklamlar\/masoz-efsun\/","title":{"rendered":"Mas\u00f6z Efsun"},"content":{"rendered":"<div class=\"flex flex-grow flex-col max-w-full\">\n<div class=\"min-h-[20px] text-message flex flex-col items-start whitespace-pre-wrap break-words [.text-message+&amp;]:mt-5 juice:w-full juice:items-end overflow-x-auto gap-2\" dir=\"auto\" data-message-author-role=\"assistant\" data-message-id=\"5e1a6b10-6da7-4fb1-ab0d-0e82dd1daa67\">\n<div class=\"flex w-full flex-col gap-1 juice:empty:hidden juice:first:pt-[3px]\">\n<div class=\"markdown prose w-full break-words dark:prose-invert dark\">\n<p>Masaj \u00e7e\u015fitleri genellikle farkl\u0131 teknikler ve ama\u00e7lar do\u011frultusunda \u00e7e\u015fitlilik g\u00f6sterebilir. \u0130\u015fte yayg\u0131n olarak bilinen baz\u0131 masaj \u00e7e\u015fitleri:<\/p>\n<ol>\n<li><strong>\u0130sve\u00e7 Masaj\u0131<\/strong>: Rahatlama ve kas gerginli\u011fini azaltma amac\u0131yla kullan\u0131lan yayg\u0131n bir masaj tekni\u011fidir.<\/li>\n<li><strong>Derin Doku Masaj\u0131<\/strong>: Kaslardaki derin dokulara etki ederek kronik a\u011fr\u0131lar\u0131 ve kas sertliklerini hafifletmeye y\u00f6nelik bir masaj t\u00fcr\u00fcd\u00fcr.<\/li>\n<li><strong>Refleksoloji<\/strong>: Ayak taban\u0131ndaki belirli noktalara bas\u0131n\u00e7 uygulayarak v\u00fccuttaki organlara ve sistemlere olumlu etkiler sa\u011flamay\u0131 ama\u00e7lar.<\/li>\n<li><strong>Thai Masaj\u0131<\/strong>: Esneme, uzatma ve eklem manip\u00fclasyonlar\u0131 gibi hareketlerle yap\u0131lan bir masaj t\u00fcr\u00fcd\u00fcr.<\/li>\n<li><strong>Shiatsu<\/strong>: Japon k\u00f6kenli bir masaj tekni\u011fi olan Shiatsu, parmaklarla v\u00fccut \u00fczerinde bas\u0131n\u00e7 uygulayarak enerji ak\u0131\u015f\u0131n\u0131 dengelemeyi hedefler.<\/li>\n<li><strong>Spor Masaj\u0131<\/strong>: Spor \u00f6ncesi veya sonras\u0131nda kaslar\u0131 rahatlatmak, performans\u0131 art\u0131rmak ve iyile\u015fmeyi h\u0131zland\u0131rmak i\u00e7in kullan\u0131lan masaj t\u00fcr\u00fcd\u00fcr.<\/li>\n<li><strong>Hot Stone Masaj\u0131<\/strong>: Is\u0131t\u0131lm\u0131\u015f ta\u015flarla yap\u0131lan bir masaj t\u00fcr\u00fcd\u00fcr. Kaslar\u0131 gev\u015fetmeye ve stresi azaltmaya yard\u0131mc\u0131 olabilir.<\/li>\n<li><strong>Aromaterapi Masaj\u0131<\/strong>: Aromatik ya\u011flar\u0131n kullan\u0131ld\u0131\u011f\u0131 bir masaj t\u00fcr\u00fcd\u00fcr. Hem fiziksel hem de duygusal rahatlama sa\u011flamay\u0131 ama\u00e7lar.<\/li>\n<\/ol>\n<p>Bu masaj t\u00fcrleri farkl\u0131 ihtiya\u00e7lara ve tercihlere g\u00f6re uygulanabilir ve her birinin kendine \u00f6zg\u00fc faydalar\u0131 bulunmaktad\u0131r.<\/p>\n<\/div>\n<\/div>\n<\/div>\n<\/div>\n","protected":false},"excerpt":{"rendered":"<p>Masaj \u00e7e\u015fitleri genellikle farkl\u0131 teknikler ve ama\u00e7lar do\u011frultusunda \u00e7e\u015fitlilik g\u00f6sterebilir. \u0130\u015fte yayg\u0131n olarak bilinen baz\u0131 masaj \u00e7e\u015fitleri: \u0130sve\u00e7 Masaj\u0131: Rahatlama ve kas gerginli\u011fini azaltma amac\u0131yla kullan\u0131lan yayg\u0131n bir masaj tekni\u011fidir.<\/p>\n","protected":false},"featured_media":2919,"comment_status":"open","ping_status":"closed","template":"","meta":[],"product_brand":[],"product_cat":[15],"product_tag":[],"class_list":{"0":"post-2913","1":"product","2":"type-product","3":"status-publish","4":"has-post-thumbnail","6":"product_cat-masajest","8":"first","9":"instock","10":"shipping-taxable","11":"product-type-simple"},"yoast_head":"<!-- This site is optimized with the Yoast SEO plugin v27.0 - https:\/\/yoast.com\/product\/yoast-seo-wordpress\/ -->\n<title>Mas\u00f6z Efsun - masajest.com<\/title>\n<meta name=\"robots\" content=\"index, follow, max-snippet:-1, max-image-preview:large, max-video-preview:-1\" \/>\n<link rel=\"canonical\" href=\"https:\/\/www.masajest.com\/masaj\/reklamlar\/masoz-efsun\/\" \/>\n<meta property=\"og:locale\" content=\"tr_TR\" \/>\n<meta property=\"og:type\" content=\"article\" \/>\n<meta property=\"og:title\" content=\"Mas\u00f6z Efsun - masajest.com\" \/>\n<meta property=\"og:description\" content=\"Masaj \u00e7e\u015fitleri genellikle farkl\u0131 teknikler ve ama\u00e7lar do\u011frultusunda \u00e7e\u015fitlilik g\u00f6sterebilir. \u0130\u015fte yayg\u0131n olarak bilinen baz\u0131 masaj \u00e7e\u015fitleri: \u0130sve\u00e7 Masaj\u0131: Rahatlama ve kas gerginli\u011fini azaltma amac\u0131yla kullan\u0131lan yayg\u0131n bir masaj tekni\u011fidir.\" \/>\n<meta property=\"og:url\" content=\"https:\/\/www.masajest.com\/masaj\/reklamlar\/masoz-efsun\/\" \/>\n<meta property=\"og:site_name\" content=\"masajest.com\" \/>\n<meta property=\"og:image\" content=\"https:\/\/cdn.pixabay.com\/photo\/2024\/04\/23\/16\/14\/ai-generated-8715617_1280.jpg\" \/>\n<meta name=\"twitter:card\" content=\"summary_large_image\" \/>\n<meta name=\"twitter:image\" content=\"https:\/\/cdn.pixabay.com\/photo\/2024\/04\/23\/16\/14\/ai-generated-8715617_1280.jpg\" \/>\n<meta name=\"twitter:label1\" content=\"Tahmini okuma s\u00fcresi\" \/>\n\t<meta name=\"twitter:data1\" content=\"1 dakika\" \/>\n<script type=\"application\/ld+json\" class=\"yoast-schema-graph\">{\"@context\":\"https:\/\/schema.org\",\"@graph\":[{\"@type\":\"WebPage\",\"@id\":\"https:\/\/www.masajest.com\/masaj\/reklamlar\/masoz-efsun\/\",\"url\":\"https:\/\/www.masajest.com\/masaj\/reklamlar\/masoz-efsun\/\",\"name\":\"Mas\u00f6z Efsun - masajest.com\",\"isPartOf\":{\"@id\":\"https:\/\/www.masajest.com\/masaj\/#website\"},\"primaryImageOfPage\":{\"@id\":\"https:\/\/www.masajest.com\/masaj\/reklamlar\/masoz-efsun\/#primaryimage\"},\"image\":{\"@id\":\"https:\/\/www.masajest.com\/masaj\/reklamlar\/masoz-efsun\/#primaryimage\"},\"thumbnailUrl\":\"https:\/\/cdn.pixabay.com\/photo\/2024\/04\/23\/16\/14\/ai-generated-8715617_1280.jpg\",\"datePublished\":\"2025-02-12T15:45:12+00:00\",\"breadcrumb\":{\"@id\":\"https:\/\/www.masajest.com\/masaj\/reklamlar\/masoz-efsun\/#breadcrumb\"},\"inLanguage\":\"tr\",\"potentialAction\":[{\"@type\":\"ReadAction\",\"target\":[\"https:\/\/www.masajest.com\/masaj\/reklamlar\/masoz-efsun\/\"]}]},{\"@type\":\"ImageObject\",\"inLanguage\":\"tr\",\"@id\":\"https:\/\/www.masajest.com\/masaj\/reklamlar\/masoz-efsun\/#primaryimage\",\"url\":\"https:\/\/cdn.pixabay.com\/photo\/2024\/04\/23\/16\/14\/ai-generated-8715617_1280.jpg\",\"contentUrl\":\"https:\/\/cdn.pixabay.com\/photo\/2024\/04\/23\/16\/14\/ai-generated-8715617_1280.jpg\",\"width\":\"1280\",\"height\":\"853\"},{\"@type\":\"BreadcrumbList\",\"@id\":\"https:\/\/www.masajest.com\/masaj\/reklamlar\/masoz-efsun\/#breadcrumb\",\"itemListElement\":[{\"@type\":\"ListItem\",\"position\":1,\"name\":\"Anasayfa\",\"item\":\"https:\/\/www.masajest.com\/masaj\/\"},{\"@type\":\"ListItem\",\"position\":2,\"name\":\"MASAJEST\",\"item\":\"https:\/\/www.masajest.com\/masaj\/masajest\/\"},{\"@type\":\"ListItem\",\"position\":3,\"name\":\"Mas\u00f6z Efsun\"}]},{\"@type\":\"WebSite\",\"@id\":\"https:\/\/www.masajest.com\/masaj\/#website\",\"url\":\"https:\/\/www.masajest.com\/masaj\/\",\"name\":\"masajest.com\",\"description\":\"masajest.com\",\"potentialAction\":[{\"@type\":\"SearchAction\",\"target\":{\"@type\":\"EntryPoint\",\"urlTemplate\":\"https:\/\/www.masajest.com\/masaj\/?s={search_term_string}\"},\"query-input\":{\"@type\":\"PropertyValueSpecification\",\"valueRequired\":true,\"valueName\":\"search_term_string\"}}],\"inLanguage\":\"tr\"}]}<\/script>\n<!-- \/ Yoast SEO plugin. -->","yoast_head_json":{"title":"Mas\u00f6z Efsun - masajest.com","robots":{"index":"index","follow":"follow","max-snippet":"max-snippet:-1","max-image-preview":"max-image-preview:large","max-video-preview":"max-video-preview:-1"},"canonical":"https:\/\/www.masajest.com\/masaj\/reklamlar\/masoz-efsun\/","og_locale":"tr_TR","og_type":"article","og_title":"Mas\u00f6z Efsun - masajest.com","og_description":"Masaj \u00e7e\u015fitleri genellikle farkl\u0131 teknikler ve ama\u00e7lar do\u011frultusunda \u00e7e\u015fitlilik g\u00f6sterebilir. \u0130\u015fte yayg\u0131n olarak bilinen baz\u0131 masaj \u00e7e\u015fitleri: \u0130sve\u00e7 Masaj\u0131: Rahatlama ve kas gerginli\u011fini azaltma amac\u0131yla kullan\u0131lan yayg\u0131n bir masaj tekni\u011fidir.","og_url":"https:\/\/www.masajest.com\/masaj\/reklamlar\/masoz-efsun\/","og_site_name":"masajest.com","og_image":[{"url":"https:\/\/cdn.pixabay.com\/photo\/2024\/04\/23\/16\/14\/ai-generated-8715617_1280.jpg","type":"","width":"","height":""}],"twitter_card":"summary_large_image","twitter_image":"https:\/\/cdn.pixabay.com\/photo\/2024\/04\/23\/16\/14\/ai-generated-8715617_1280.jpg","twitter_misc":{"Tahmini okuma s\u00fcresi":"1 dakika"},"schema":{"@context":"https:\/\/schema.org","@graph":[{"@type":"WebPage","@id":"https:\/\/www.masajest.com\/masaj\/reklamlar\/masoz-efsun\/","url":"https:\/\/www.masajest.com\/masaj\/reklamlar\/masoz-efsun\/","name":"Mas\u00f6z Efsun - masajest.com","isPartOf":{"@id":"https:\/\/www.masajest.com\/masaj\/#website"},"primaryImageOfPage":{"@id":"https:\/\/www.masajest.com\/masaj\/reklamlar\/masoz-efsun\/#primaryimage"},"image":{"@id":"https:\/\/www.masajest.com\/masaj\/reklamlar\/masoz-efsun\/#primaryimage"},"thumbnailUrl":"https:\/\/cdn.pixabay.com\/photo\/2024\/04\/23\/16\/14\/ai-generated-8715617_1280.jpg","datePublished":"2025-02-12T15:45:12+00:00","breadcrumb":{"@id":"https:\/\/www.masajest.com\/masaj\/reklamlar\/masoz-efsun\/#breadcrumb"},"inLanguage":"tr","potentialAction":[{"@type":"ReadAction","target":["https:\/\/www.masajest.com\/masaj\/reklamlar\/masoz-efsun\/"]}]},{"@type":"ImageObject","inLanguage":"tr","@id":"https:\/\/www.masajest.com\/masaj\/reklamlar\/masoz-efsun\/#primaryimage","url":"https:\/\/cdn.pixabay.com\/photo\/2024\/04\/23\/16\/14\/ai-generated-8715617_1280.jpg","contentUrl":"https:\/\/cdn.pixabay.com\/photo\/2024\/04\/23\/16\/14\/ai-generated-8715617_1280.jpg","width":"1280","height":"853"},{"@type":"BreadcrumbList","@id":"https:\/\/www.masajest.com\/masaj\/reklamlar\/masoz-efsun\/#breadcrumb","itemListElement":[{"@type":"ListItem","position":1,"name":"Anasayfa","item":"https:\/\/www.masajest.com\/masaj\/"},{"@type":"ListItem","position":2,"name":"MASAJEST","item":"https:\/\/www.masajest.com\/masaj\/masajest\/"},{"@type":"ListItem","position":3,"name":"Mas\u00f6z Efsun"}]},{"@type":"WebSite","@id":"https:\/\/www.masajest.com\/masaj\/#website","url":"https:\/\/www.masajest.com\/masaj\/","name":"masajest.com","description":"masajest.com","potentialAction":[{"@type":"SearchAction","target":{"@type":"EntryPoint","urlTemplate":"https:\/\/www.masajest.com\/masaj\/?s={search_term_string}"},"query-input":{"@type":"PropertyValueSpecification","valueRequired":true,"valueName":"search_term_string"}}],"inLanguage":"tr"}]}},"_links":{"self":[{"href":"https:\/\/www.masajest.com\/masaj\/wp-json\/wp\/v2\/product\/2913","targetHints":{"allow":["GET"]}}],"collection":[{"href":"https:\/\/www.masajest.com\/masaj\/wp-json\/wp\/v2\/product"}],"about":[{"href":"https:\/\/www.masajest.com\/masaj\/wp-json\/wp\/v2\/types\/product"}],"replies":[{"embeddable":true,"href":"https:\/\/www.masajest.com\/masaj\/wp-json\/wp\/v2\/comments?post=2913"}],"wp:featuredmedia":[{"embeddable":true,"href":"https:\/\/www.masajest.com\/masaj\/wp-json\/wp\/v2\/media\/2919"}],"wp:attachment":[{"href":"https:\/\/www.masajest.com\/masaj\/wp-json\/wp\/v2\/media?parent=2913"}],"wp:term":[{"taxonomy":"product_brand","embeddable":true,"href":"https:\/\/www.masajest.com\/masaj\/wp-json\/wp\/v2\/product_brand?post=2913"},{"taxonomy":"product_cat","embeddable":true,"href":"https:\/\/www.masajest.com\/masaj\/wp-json\/wp\/v2\/product_cat?post=2913"},{"taxonomy":"product_tag","embeddable":true,"href":"https:\/\/www.masajest.com\/masaj\/wp-json\/wp\/v2\/product_tag?post=2913"}],"curies":[{"name":"wp","href":"https:\/\/api.w.org\/{rel}","templated":true}]}}