{"id":2857,"date":"2025-02-12T18:11:16","date_gmt":"2025-02-12T15:11:16","guid":{"rendered":"https:\/\/www.masajest.com\/masaj\/?post_type=product&#038;p=2857"},"modified":"2025-02-12T18:11:16","modified_gmt":"2025-02-12T15:11:16","slug":"masoz-zuhal","status":"publish","type":"product","link":"https:\/\/www.masajest.com\/masaj\/reklamlar\/masoz-zuhal\/","title":{"rendered":"Mas\u00f6z Zuhal"},"content":{"rendered":"<p><strong>Mas\u00f6z Zuhal: Sakinli\u011fi ve Keyfi Birle\u015ftiren Uzman<\/strong><\/p>\n<p>Mas\u00f6z Zuhal, her t\u00fcrl\u00fc stresin geride b\u0131rak\u0131labilece\u011fi, rahatlat\u0131c\u0131 bir masaj deneyimi sunuyor. S\u0131cak elleriyle, kaslar\u0131 gev\u015fetmek ve zihinleri dinlendirmek \u00fczerine uzmanla\u015fm\u0131\u015f olan Zuhal, her seansta misafirlerine unutulmaz bir deneyim ya\u015fat\u0131yor. Uzmanl\u0131k alan\u0131 derin doku masaj\u0131 ve klasik rahatlat\u0131c\u0131 masaj olan Zuhal, her bireyin ihtiyac\u0131na g\u00f6re \u00f6zelle\u015ftirilmi\u015f tekniklerle v\u00fccut sa\u011fl\u0131\u011f\u0131n\u0131 destekliyor.<\/p>\n<p><strong>Mas\u00f6z: &#8220;Sizi dinlendirirken, i\u00e7sel huzurunuzu bulman\u0131za yard\u0131mc\u0131 olur!&#8221;<\/strong><\/p>\n<p>Masaj seanslar\u0131nda sa\u011flanan rahatlama, sadece fiziksel de\u011fil, ayn\u0131 zamanda psikolojik bir iyile\u015fmeyi de beraberinde getiriyor. Mas\u00f6z Zuhal ile yap\u0131lan her seans, sadece kaslar\u0131 gev\u015fetmekle kalmaz, ayn\u0131 zamanda zihinsel bir tazelenmeye de olanak sa\u011flar. Huzurlu bir ortamda yap\u0131lan &#8220;mutlu masaj&#8221; ise, ruhsal dengeyi sa\u011flayarak ki\u015finin kendini daha enerjik ve mutlu hissetmesine yol a\u00e7ar.<\/p>\n<p><strong>Mutlu Masaj:<\/strong> Mas\u00f6z Zuhal&#8217;in uygulad\u0131\u011f\u0131 &#8220;mutlu masaj&#8221;, m\u00fc\u015fterilerinin geri d\u00f6n\u00fc\u015flerinde s\u0131kl\u0131kla vurgulad\u0131\u011f\u0131 bir kavramd\u0131r. Masaj sonras\u0131nda kat\u0131l\u0131mc\u0131lar, kendilerini daha hafiflemi\u015f, stresin ve yorgunlu\u011fun t\u00fcm etkilerinden ar\u0131nm\u0131\u015f hissediyor. Bu masaj t\u00fcr\u00fc, sadece bedeni de\u011fil, zihni de dinlendiriyor ve duygusal dengeyi bulman\u0131za yard\u0131mc\u0131 oluyor.<\/p>\n<p>&#8220;Mutlu masaj&#8221;\u0131n etkileri, zihni sakinle\u015ftirip, ruhu canland\u0131ran bir enerji kayna\u011f\u0131 sunarak seans sonras\u0131nda da uzun s\u00fcre devam eden bir rahatl\u0131k hissi b\u0131rak\u0131yor.<\/p>\n","protected":false},"excerpt":{"rendered":"<p><strong>Mas\u00f6z Zuhal<\/strong><br \/>\nMasaj\u0131n derin rahatlat\u0131c\u0131 g\u00fcc\u00fcn\u00fc ke\u015ffetmek isteyenlere \u00f6zel bir deneyim sunan Mas\u00f6z Zuhal, profesyonel dokunu\u015flar\u0131yla bedeninizi ve ruhunuzu yeniler. Deneyimi ve uzmanl\u0131\u011f\u0131yla her seansa \u00f6zenle yakla\u015farak, stresinizi azalt\u0131r, enerji seviyenizi art\u0131r\u0131r ve sizi tamamen rahatlam\u0131\u015f bir \u015fekilde hayata geri g\u00f6nderir. Masaj sadece bir rahatlama de\u011fil, ayn\u0131 zamanda bir yeniden do\u011fu\u015ftur. Zuhal Han\u0131m&#8217;\u0131n ellerinde bu deneyimi ke\u015ffedin.<\/p>\n<p><strong>Mas\u00f6z:<\/strong> &#8220;Zuhal&#8217;in Ellerinde Yeniden Do\u011fu\u015f, Her Masajda Yenilik ve Rahatl\u0131k!&#8221;<\/p>\n<p>G\u00fcn\u00fcm\u00fcz\u00fcn h\u0131zl\u0131 tempolu ya\u015fam\u0131nda, bedenimiz ve zihnimiz zaman zaman yorulur. Masaj, bu yorgunlu\u011fu atmak ve huzuru yeniden bulmak i\u00e7in ideal bir y\u00f6ntemdir. Mas\u00f6z Zuhal, her masaj seans\u0131nda ki\u015fiye \u00f6zel bir deneyim sunarak, kas gerginliklerini \u00e7\u00f6zer, stresi azalt\u0131r ve kan dola\u015f\u0131m\u0131n\u0131 h\u0131zland\u0131r\u0131r. Rahatlat\u0131c\u0131 bir atmosferde ger\u00e7ekle\u015ftirilen masajlar, sadece bedensel de\u011fil, ayn\u0131 zamanda ruhsal iyile\u015fmeyi de destekler. Kendi sa\u011fl\u0131\u011f\u0131n\u0131z\u0131 ve huzurunuzu \u00f6nemseyin; Mas\u00f6z Zuhal ile tan\u0131\u015f\u0131n ve masaj\u0131n iyile\u015ftirici g\u00fcc\u00fcn\u00fc ke\u015ffedin.<\/p>\n","protected":false},"featured_media":2871,"comment_status":"open","ping_status":"closed","template":"","meta":[],"product_brand":[],"product_cat":[15],"product_tag":[],"class_list":{"0":"post-2857","1":"product","2":"type-product","3":"status-publish","4":"has-post-thumbnail","6":"product_cat-masajest","8":"first","9":"instock","10":"shipping-taxable","11":"product-type-simple"},"yoast_head":"<!-- This site is optimized with the Yoast SEO plugin v27.0 - https:\/\/yoast.com\/product\/yoast-seo-wordpress\/ -->\n<title>Mas\u00f6z Zuhal - masajest.com<\/title>\n<meta name=\"robots\" content=\"index, follow, max-snippet:-1, max-image-preview:large, max-video-preview:-1\" \/>\n<link rel=\"canonical\" href=\"https:\/\/www.masajest.com\/masaj\/reklamlar\/masoz-zuhal\/\" \/>\n<meta property=\"og:locale\" content=\"tr_TR\" \/>\n<meta property=\"og:type\" content=\"article\" \/>\n<meta property=\"og:title\" content=\"Mas\u00f6z Zuhal - masajest.com\" \/>\n<meta property=\"og:description\" content=\"Mas\u00f6z Zuhal Masaj\u0131n derin rahatlat\u0131c\u0131 g\u00fcc\u00fcn\u00fc ke\u015ffetmek isteyenlere \u00f6zel bir deneyim sunan Mas\u00f6z Zuhal, profesyonel dokunu\u015flar\u0131yla bedeninizi ve ruhunuzu yeniler. Deneyimi ve uzmanl\u0131\u011f\u0131yla her seansa \u00f6zenle yakla\u015farak, stresinizi azalt\u0131r, enerji seviyenizi art\u0131r\u0131r ve sizi tamamen rahatlam\u0131\u015f bir \u015fekilde hayata geri g\u00f6nderir. Masaj sadece bir rahatlama de\u011fil, ayn\u0131 zamanda bir yeniden do\u011fu\u015ftur. Zuhal Han\u0131m&#039;\u0131n ellerinde bu deneyimi ke\u015ffedin.  Mas\u00f6z: &quot;Zuhal&#039;in Ellerinde Yeniden Do\u011fu\u015f, Her Masajda Yenilik ve Rahatl\u0131k!&quot;  G\u00fcn\u00fcm\u00fcz\u00fcn h\u0131zl\u0131 tempolu ya\u015fam\u0131nda, bedenimiz ve zihnimiz zaman zaman yorulur. Masaj, bu yorgunlu\u011fu atmak ve huzuru yeniden bulmak i\u00e7in ideal bir y\u00f6ntemdir. Mas\u00f6z Zuhal, her masaj seans\u0131nda ki\u015fiye \u00f6zel bir deneyim sunarak, kas gerginliklerini \u00e7\u00f6zer, stresi azalt\u0131r ve kan dola\u015f\u0131m\u0131n\u0131 h\u0131zland\u0131r\u0131r. Rahatlat\u0131c\u0131 bir atmosferde ger\u00e7ekle\u015ftirilen masajlar, sadece bedensel de\u011fil, ayn\u0131 zamanda ruhsal iyile\u015fmeyi de destekler. Kendi sa\u011fl\u0131\u011f\u0131n\u0131z\u0131 ve huzurunuzu \u00f6nemseyin; Mas\u00f6z Zuhal ile tan\u0131\u015f\u0131n ve masaj\u0131n iyile\u015ftirici g\u00fcc\u00fcn\u00fc ke\u015ffedin.\" \/>\n<meta property=\"og:url\" content=\"https:\/\/www.masajest.com\/masaj\/reklamlar\/masoz-zuhal\/\" \/>\n<meta property=\"og:site_name\" content=\"masajest.com\" \/>\n<meta property=\"og:image\" content=\"https:\/\/cdn.pixabay.com\/photo\/2014\/02\/23\/11\/29\/massage-272820_960_720.jpg\" \/>\n<meta name=\"twitter:card\" content=\"summary_large_image\" \/>\n<meta name=\"twitter:image\" content=\"https:\/\/cdn.pixabay.com\/photo\/2014\/02\/23\/11\/29\/massage-272820_960_720.jpg\" \/>\n<meta name=\"twitter:label1\" content=\"Tahmini okuma s\u00fcresi\" \/>\n\t<meta name=\"twitter:data1\" content=\"2 dakika\" \/>\n<script type=\"application\/ld+json\" class=\"yoast-schema-graph\">{\"@context\":\"https:\/\/schema.org\",\"@graph\":[{\"@type\":\"WebPage\",\"@id\":\"https:\/\/www.masajest.com\/masaj\/reklamlar\/masoz-zuhal\/\",\"url\":\"https:\/\/www.masajest.com\/masaj\/reklamlar\/masoz-zuhal\/\",\"name\":\"Mas\u00f6z Zuhal - masajest.com\",\"isPartOf\":{\"@id\":\"https:\/\/www.masajest.com\/masaj\/#website\"},\"primaryImageOfPage\":{\"@id\":\"https:\/\/www.masajest.com\/masaj\/reklamlar\/masoz-zuhal\/#primaryimage\"},\"image\":{\"@id\":\"https:\/\/www.masajest.com\/masaj\/reklamlar\/masoz-zuhal\/#primaryimage\"},\"thumbnailUrl\":\"https:\/\/cdn.pixabay.com\/photo\/2014\/02\/23\/11\/29\/massage-272820_960_720.jpg\",\"datePublished\":\"2025-02-12T15:11:16+00:00\",\"breadcrumb\":{\"@id\":\"https:\/\/www.masajest.com\/masaj\/reklamlar\/masoz-zuhal\/#breadcrumb\"},\"inLanguage\":\"tr\",\"potentialAction\":[{\"@type\":\"ReadAction\",\"target\":[\"https:\/\/www.masajest.com\/masaj\/reklamlar\/masoz-zuhal\/\"]}]},{\"@type\":\"ImageObject\",\"inLanguage\":\"tr\",\"@id\":\"https:\/\/www.masajest.com\/masaj\/reklamlar\/masoz-zuhal\/#primaryimage\",\"url\":\"https:\/\/cdn.pixabay.com\/photo\/2014\/02\/23\/11\/29\/massage-272820_960_720.jpg\",\"contentUrl\":\"https:\/\/cdn.pixabay.com\/photo\/2014\/02\/23\/11\/29\/massage-272820_960_720.jpg\",\"width\":\"540\",\"height\":\"720\"},{\"@type\":\"BreadcrumbList\",\"@id\":\"https:\/\/www.masajest.com\/masaj\/reklamlar\/masoz-zuhal\/#breadcrumb\",\"itemListElement\":[{\"@type\":\"ListItem\",\"position\":1,\"name\":\"Anasayfa\",\"item\":\"https:\/\/www.masajest.com\/masaj\/\"},{\"@type\":\"ListItem\",\"position\":2,\"name\":\"MASAJEST\",\"item\":\"https:\/\/www.masajest.com\/masaj\/masajest\/\"},{\"@type\":\"ListItem\",\"position\":3,\"name\":\"Mas\u00f6z Zuhal\"}]},{\"@type\":\"WebSite\",\"@id\":\"https:\/\/www.masajest.com\/masaj\/#website\",\"url\":\"https:\/\/www.masajest.com\/masaj\/\",\"name\":\"masajest.com\",\"description\":\"masajest.com\",\"potentialAction\":[{\"@type\":\"SearchAction\",\"target\":{\"@type\":\"EntryPoint\",\"urlTemplate\":\"https:\/\/www.masajest.com\/masaj\/?s={search_term_string}\"},\"query-input\":{\"@type\":\"PropertyValueSpecification\",\"valueRequired\":true,\"valueName\":\"search_term_string\"}}],\"inLanguage\":\"tr\"}]}<\/script>\n<!-- \/ Yoast SEO plugin. -->","yoast_head_json":{"title":"Mas\u00f6z Zuhal - masajest.com","robots":{"index":"index","follow":"follow","max-snippet":"max-snippet:-1","max-image-preview":"max-image-preview:large","max-video-preview":"max-video-preview:-1"},"canonical":"https:\/\/www.masajest.com\/masaj\/reklamlar\/masoz-zuhal\/","og_locale":"tr_TR","og_type":"article","og_title":"Mas\u00f6z Zuhal - masajest.com","og_description":"Mas\u00f6z Zuhal Masaj\u0131n derin rahatlat\u0131c\u0131 g\u00fcc\u00fcn\u00fc ke\u015ffetmek isteyenlere \u00f6zel bir deneyim sunan Mas\u00f6z Zuhal, profesyonel dokunu\u015flar\u0131yla bedeninizi ve ruhunuzu yeniler. Deneyimi ve uzmanl\u0131\u011f\u0131yla her seansa \u00f6zenle yakla\u015farak, stresinizi azalt\u0131r, enerji seviyenizi art\u0131r\u0131r ve sizi tamamen rahatlam\u0131\u015f bir \u015fekilde hayata geri g\u00f6nderir. Masaj sadece bir rahatlama de\u011fil, ayn\u0131 zamanda bir yeniden do\u011fu\u015ftur. Zuhal Han\u0131m'\u0131n ellerinde bu deneyimi ke\u015ffedin.  Mas\u00f6z: \"Zuhal'in Ellerinde Yeniden Do\u011fu\u015f, Her Masajda Yenilik ve Rahatl\u0131k!\"  G\u00fcn\u00fcm\u00fcz\u00fcn h\u0131zl\u0131 tempolu ya\u015fam\u0131nda, bedenimiz ve zihnimiz zaman zaman yorulur. Masaj, bu yorgunlu\u011fu atmak ve huzuru yeniden bulmak i\u00e7in ideal bir y\u00f6ntemdir. Mas\u00f6z Zuhal, her masaj seans\u0131nda ki\u015fiye \u00f6zel bir deneyim sunarak, kas gerginliklerini \u00e7\u00f6zer, stresi azalt\u0131r ve kan dola\u015f\u0131m\u0131n\u0131 h\u0131zland\u0131r\u0131r. Rahatlat\u0131c\u0131 bir atmosferde ger\u00e7ekle\u015ftirilen masajlar, sadece bedensel de\u011fil, ayn\u0131 zamanda ruhsal iyile\u015fmeyi de destekler. Kendi sa\u011fl\u0131\u011f\u0131n\u0131z\u0131 ve huzurunuzu \u00f6nemseyin; Mas\u00f6z Zuhal ile tan\u0131\u015f\u0131n ve masaj\u0131n iyile\u015ftirici g\u00fcc\u00fcn\u00fc ke\u015ffedin.","og_url":"https:\/\/www.masajest.com\/masaj\/reklamlar\/masoz-zuhal\/","og_site_name":"masajest.com","og_image":[{"url":"https:\/\/cdn.pixabay.com\/photo\/2014\/02\/23\/11\/29\/massage-272820_960_720.jpg","type":"","width":"","height":""}],"twitter_card":"summary_large_image","twitter_image":"https:\/\/cdn.pixabay.com\/photo\/2014\/02\/23\/11\/29\/massage-272820_960_720.jpg","twitter_misc":{"Tahmini okuma s\u00fcresi":"2 dakika"},"schema":{"@context":"https:\/\/schema.org","@graph":[{"@type":"WebPage","@id":"https:\/\/www.masajest.com\/masaj\/reklamlar\/masoz-zuhal\/","url":"https:\/\/www.masajest.com\/masaj\/reklamlar\/masoz-zuhal\/","name":"Mas\u00f6z Zuhal - masajest.com","isPartOf":{"@id":"https:\/\/www.masajest.com\/masaj\/#website"},"primaryImageOfPage":{"@id":"https:\/\/www.masajest.com\/masaj\/reklamlar\/masoz-zuhal\/#primaryimage"},"image":{"@id":"https:\/\/www.masajest.com\/masaj\/reklamlar\/masoz-zuhal\/#primaryimage"},"thumbnailUrl":"https:\/\/cdn.pixabay.com\/photo\/2014\/02\/23\/11\/29\/massage-272820_960_720.jpg","datePublished":"2025-02-12T15:11:16+00:00","breadcrumb":{"@id":"https:\/\/www.masajest.com\/masaj\/reklamlar\/masoz-zuhal\/#breadcrumb"},"inLanguage":"tr","potentialAction":[{"@type":"ReadAction","target":["https:\/\/www.masajest.com\/masaj\/reklamlar\/masoz-zuhal\/"]}]},{"@type":"ImageObject","inLanguage":"tr","@id":"https:\/\/www.masajest.com\/masaj\/reklamlar\/masoz-zuhal\/#primaryimage","url":"https:\/\/cdn.pixabay.com\/photo\/2014\/02\/23\/11\/29\/massage-272820_960_720.jpg","contentUrl":"https:\/\/cdn.pixabay.com\/photo\/2014\/02\/23\/11\/29\/massage-272820_960_720.jpg","width":"540","height":"720"},{"@type":"BreadcrumbList","@id":"https:\/\/www.masajest.com\/masaj\/reklamlar\/masoz-zuhal\/#breadcrumb","itemListElement":[{"@type":"ListItem","position":1,"name":"Anasayfa","item":"https:\/\/www.masajest.com\/masaj\/"},{"@type":"ListItem","position":2,"name":"MASAJEST","item":"https:\/\/www.masajest.com\/masaj\/masajest\/"},{"@type":"ListItem","position":3,"name":"Mas\u00f6z Zuhal"}]},{"@type":"WebSite","@id":"https:\/\/www.masajest.com\/masaj\/#website","url":"https:\/\/www.masajest.com\/masaj\/","name":"masajest.com","description":"masajest.com","potentialAction":[{"@type":"SearchAction","target":{"@type":"EntryPoint","urlTemplate":"https:\/\/www.masajest.com\/masaj\/?s={search_term_string}"},"query-input":{"@type":"PropertyValueSpecification","valueRequired":true,"valueName":"search_term_string"}}],"inLanguage":"tr"}]}},"_links":{"self":[{"href":"https:\/\/www.masajest.com\/masaj\/wp-json\/wp\/v2\/product\/2857","targetHints":{"allow":["GET"]}}],"collection":[{"href":"https:\/\/www.masajest.com\/masaj\/wp-json\/wp\/v2\/product"}],"about":[{"href":"https:\/\/www.masajest.com\/masaj\/wp-json\/wp\/v2\/types\/product"}],"replies":[{"embeddable":true,"href":"https:\/\/www.masajest.com\/masaj\/wp-json\/wp\/v2\/comments?post=2857"}],"wp:featuredmedia":[{"embeddable":true,"href":"https:\/\/www.masajest.com\/masaj\/wp-json\/wp\/v2\/media\/2871"}],"wp:attachment":[{"href":"https:\/\/www.masajest.com\/masaj\/wp-json\/wp\/v2\/media?parent=2857"}],"wp:term":[{"taxonomy":"product_brand","embeddable":true,"href":"https:\/\/www.masajest.com\/masaj\/wp-json\/wp\/v2\/product_brand?post=2857"},{"taxonomy":"product_cat","embeddable":true,"href":"https:\/\/www.masajest.com\/masaj\/wp-json\/wp\/v2\/product_cat?post=2857"},{"taxonomy":"product_tag","embeddable":true,"href":"https:\/\/www.masajest.com\/masaj\/wp-json\/wp\/v2\/product_tag?post=2857"}],"curies":[{"name":"wp","href":"https:\/\/api.w.org\/{rel}","templated":true}]}}