{"id":2843,"date":"2025-02-12T17:59:30","date_gmt":"2025-02-12T14:59:30","guid":{"rendered":"https:\/\/www.masajest.com\/masaj\/?post_type=product&#038;p=2843"},"modified":"2025-02-12T17:59:30","modified_gmt":"2025-02-12T14:59:30","slug":"masoz-pinar","status":"publish","type":"product","link":"https:\/\/www.masajest.com\/masaj\/reklamlar\/masoz-pinar\/","title":{"rendered":"Mas\u00f6z P\u0131nar"},"content":{"rendered":"<div class=\"flex flex-grow flex-col max-w-full\">\n<div class=\"min-h-[20px] text-message flex flex-col items-start whitespace-pre-wrap break-words [.text-message+&amp;]:mt-5 juice:w-full juice:items-end overflow-x-auto gap-2\" dir=\"auto\" data-message-author-role=\"assistant\" data-message-id=\"6b9a02c9-7eb0-43f7-a08d-73598127b49f\">\n<div class=\"flex w-full flex-col gap-1 juice:empty:hidden juice:first:pt-[3px]\">\n<div class=\"markdown prose w-full break-words dark:prose-invert dark\">\n<div class=\"flex max-w-full flex-col flex-grow\">\n<div class=\"min-h-8 text-message flex w-full flex-col items-end gap-2 whitespace-normal break-words text-start [.text-message+&amp;]:mt-5\" dir=\"auto\" data-message-author-role=\"assistant\" data-message-id=\"d1758c08-eeb4-483b-828e-b7b5ef3c38d4\" data-message-model-slug=\"gpt-4o-mini\">\n<div class=\"flex w-full flex-col gap-1 empty:hidden first:pt-[3px]\">\n<div class=\"markdown prose w-full break-words dark:prose-invert dark\">\n<p><strong>Mas\u00f6z P\u0131nar \u2013 Yeniden Do\u011fu\u015fun Ad\u0131<\/strong><\/p>\n<p>Mas\u00f6z P\u0131nar, ruhunuzu ve bedeninizi tazeleyerek g\u00fcnl\u00fck stresin y\u00fck\u00fcnden ar\u0131nman\u0131za yard\u0131mc\u0131 olan bir masaj uzman\u0131d\u0131r. Kendine \u00f6zg\u00fc tekniklerle, masaj\u0131n iyile\u015ftirici g\u00fcc\u00fcn\u00fc ke\u015ffetmek isteyenler i\u00e7in ideal bir tercih olan P\u0131nar, her seans\u0131nda m\u00fckemmel bir rahatlama sunar.<\/p>\n<p><strong>Mas\u00f6z: &#8220;Her Masajda Yeniden Do\u011fun!&#8221;<\/strong><\/p>\n<p>Masaj, sadece fiziksel bir rahatlama de\u011fil, ayn\u0131 zamanda ruhsal bir yenilenmedir. Mas\u00f6z P\u0131nar&#8217;\u0131n masaj teknikleri, kaslar\u0131 gev\u015fetmekle kalmaz, ayn\u0131 zamanda zihninizi dinlendirir, sizi g\u00fcnl\u00fck hayattaki streslerden uzakla\u015ft\u0131r\u0131r. Bu deneyimi ya\u015famak, sadece bedeni de\u011fil, ruhu da \u015farj eder.<\/p>\n<p><strong>Mutlu Masaj Deneyimi:<\/strong><\/p>\n<p>Mas\u00f6z P\u0131nar ile yap\u0131lan masajlar, sadece fiziksel rahatlama de\u011fil, ayn\u0131 zamanda duygusal iyile\u015fmeyi de beraberinde getirir. V\u00fccudunuzu rahatlat\u0131rken zihninizi de \u00f6zg\u00fcrle\u015ftirir. Her seans, daha mutlu ve huzurlu bir ya\u015fam i\u00e7in bir ad\u0131m daha atman\u0131z\u0131 sa\u011flar. Bedeninizin sesini dinleyin ve Mas\u00f6z P\u0131nar ile kendinize yeniden merhaba deyin!<\/p>\n<\/div>\n<\/div>\n<\/div>\n<\/div>\n<\/div>\n<\/div>\n<\/div>\n<\/div>\n","protected":false},"excerpt":{"rendered":"<div class=\"flex max-w-full flex-col flex-grow\">\n<div class=\"min-h-8 text-message flex w-full flex-col items-end gap-2 whitespace-normal break-words text-start [.text-message+&amp;]:mt-5\" dir=\"auto\" data-message-author-role=\"assistant\" data-message-id=\"d9c78ca7-2c08-44d0-99f1-73cb598bb611\" data-message-model-slug=\"gpt-4o\">\n<div class=\"flex w-full flex-col gap-1 empty:hidden first:pt-[3px]\">\n<div class=\"markdown prose w-full break-words dark:prose-invert dark\">\n<div class=\"flex max-w-full flex-col flex-grow\">\n<div class=\"min-h-8 text-message flex w-full flex-col items-end gap-2 whitespace-normal break-words text-start [.text-message+&amp;]:mt-5\" dir=\"auto\" data-message-author-role=\"assistant\" data-message-id=\"31a20821-7c75-4983-94a1-3d2f1c9ff72e\" data-message-model-slug=\"gpt-4o-mini\">\n<div class=\"flex w-full flex-col gap-1 empty:hidden first:pt-[3px]\">\n<div class=\"markdown prose w-full break-words dark:prose-invert dark\">\n<p>Mas\u00f6z P\u0131nar, huzurlu ve yenileyici bir deneyim sunmak i\u00e7in sizi bekliyor. Uzmanl\u0131k alan\u0131ndaki masaj teknikleriyle, v\u00fccudunuzu rahatlat\u0131rken, zihninizi de canland\u0131r\u0131yor. Her seans, bedensel rahatlaman\u0131n \u00f6tesine ge\u00e7erek, ruhsal dengeyi sa\u011flaman\u0131za yard\u0131mc\u0131 oluyor. Masajla a\u011fr\u0131lar\u0131n\u0131z\u0131 hafifletirken, enerji seviyenizi art\u0131rabilirsiniz.<\/p>\n<p><strong>Mas\u00f6z<\/strong><strong>:<\/strong> &#8220;Mas\u00f6z P\u0131nar ile her an\u0131n\u0131z\u0131 yenileyin, her dokunu\u015fta huzuru ke\u015ffedin.&#8221;<\/p>\n<p>Masaj, sadece bir rahatlama y\u00f6ntemi de\u011fil, ayn\u0131 zamanda sa\u011fl\u0131\u011f\u0131n\u0131za katk\u0131 sa\u011flayan \u00f6nemli bir terapidir. Mas\u00f6z P\u0131nar, ki\u015fisel ihtiya\u00e7lar\u0131n\u0131za g\u00f6re \u00f6zelle\u015ftirilmi\u015f seanslarla, hem bedeninizi hem de ruhunuzu yeniden \u015fekillendiriyor. Kendinizi \u015f\u0131mart\u0131n, P\u0131nar\u2019\u0131n masaj\u0131yla yenilenin.<\/p>\n<\/div>\n<\/div>\n<\/div>\n<\/div>\n<\/div>\n<\/div>\n<\/div>\n<\/div>\n","protected":false},"featured_media":0,"comment_status":"open","ping_status":"closed","template":"","meta":[],"product_brand":[],"product_cat":[15],"product_tag":[],"class_list":{"0":"post-2843","1":"product","2":"type-product","3":"status-publish","5":"product_cat-masajest","7":"first","8":"instock","9":"shipping-taxable","10":"product-type-simple"},"yoast_head":"<!-- This site is optimized with the Yoast SEO plugin v27.0 - https:\/\/yoast.com\/product\/yoast-seo-wordpress\/ -->\n<title>Mas\u00f6z P\u0131nar - masajest.com<\/title>\n<meta name=\"robots\" content=\"index, follow, max-snippet:-1, max-image-preview:large, max-video-preview:-1\" \/>\n<link rel=\"canonical\" href=\"https:\/\/www.masajest.com\/masaj\/reklamlar\/masoz-pinar\/\" \/>\n<meta property=\"og:locale\" content=\"tr_TR\" \/>\n<meta property=\"og:type\" content=\"article\" \/>\n<meta property=\"og:title\" content=\"Mas\u00f6z P\u0131nar - masajest.com\" \/>\n<meta property=\"og:description\" content=\"Mas\u00f6z P\u0131nar, huzurlu ve yenileyici bir deneyim sunmak i\u00e7in sizi bekliyor. Uzmanl\u0131k alan\u0131ndaki masaj teknikleriyle, v\u00fccudunuzu rahatlat\u0131rken, zihninizi de canland\u0131r\u0131yor. Her seans, bedensel rahatlaman\u0131n \u00f6tesine ge\u00e7erek, ruhsal dengeyi sa\u011flaman\u0131za yard\u0131mc\u0131 oluyor. Masajla a\u011fr\u0131lar\u0131n\u0131z\u0131 hafifletirken, enerji seviyenizi art\u0131rabilirsiniz.  Mas\u00f6z: &quot;Mas\u00f6z P\u0131nar ile her an\u0131n\u0131z\u0131 yenileyin, her dokunu\u015fta huzuru ke\u015ffedin.&quot;  Masaj, sadece bir rahatlama y\u00f6ntemi de\u011fil, ayn\u0131 zamanda sa\u011fl\u0131\u011f\u0131n\u0131za katk\u0131 sa\u011flayan \u00f6nemli bir terapidir. Mas\u00f6z P\u0131nar, ki\u015fisel ihtiya\u00e7lar\u0131n\u0131za g\u00f6re \u00f6zelle\u015ftirilmi\u015f seanslarla, hem bedeninizi hem de ruhunuzu yeniden \u015fekillendiriyor. Kendinizi \u015f\u0131mart\u0131n, P\u0131nar\u2019\u0131n masaj\u0131yla yenilenin.\" \/>\n<meta property=\"og:url\" content=\"https:\/\/www.masajest.com\/masaj\/reklamlar\/masoz-pinar\/\" \/>\n<meta property=\"og:site_name\" content=\"masajest.com\" \/>\n<meta name=\"twitter:card\" content=\"summary_large_image\" \/>\n<meta name=\"twitter:label1\" content=\"Tahmini okuma s\u00fcresi\" \/>\n\t<meta name=\"twitter:data1\" content=\"1 dakika\" \/>\n<script type=\"application\/ld+json\" class=\"yoast-schema-graph\">{\"@context\":\"https:\/\/schema.org\",\"@graph\":[{\"@type\":\"WebPage\",\"@id\":\"https:\/\/www.masajest.com\/masaj\/reklamlar\/masoz-pinar\/\",\"url\":\"https:\/\/www.masajest.com\/masaj\/reklamlar\/masoz-pinar\/\",\"name\":\"Mas\u00f6z P\u0131nar - masajest.com\",\"isPartOf\":{\"@id\":\"https:\/\/www.masajest.com\/masaj\/#website\"},\"datePublished\":\"2025-02-12T14:59:30+00:00\",\"breadcrumb\":{\"@id\":\"https:\/\/www.masajest.com\/masaj\/reklamlar\/masoz-pinar\/#breadcrumb\"},\"inLanguage\":\"tr\",\"potentialAction\":[{\"@type\":\"ReadAction\",\"target\":[\"https:\/\/www.masajest.com\/masaj\/reklamlar\/masoz-pinar\/\"]}]},{\"@type\":\"BreadcrumbList\",\"@id\":\"https:\/\/www.masajest.com\/masaj\/reklamlar\/masoz-pinar\/#breadcrumb\",\"itemListElement\":[{\"@type\":\"ListItem\",\"position\":1,\"name\":\"Anasayfa\",\"item\":\"https:\/\/www.masajest.com\/masaj\/\"},{\"@type\":\"ListItem\",\"position\":2,\"name\":\"MASAJEST\",\"item\":\"https:\/\/www.masajest.com\/masaj\/masajest\/\"},{\"@type\":\"ListItem\",\"position\":3,\"name\":\"Mas\u00f6z P\u0131nar\"}]},{\"@type\":\"WebSite\",\"@id\":\"https:\/\/www.masajest.com\/masaj\/#website\",\"url\":\"https:\/\/www.masajest.com\/masaj\/\",\"name\":\"masajest.com\",\"description\":\"masajest.com\",\"potentialAction\":[{\"@type\":\"SearchAction\",\"target\":{\"@type\":\"EntryPoint\",\"urlTemplate\":\"https:\/\/www.masajest.com\/masaj\/?s={search_term_string}\"},\"query-input\":{\"@type\":\"PropertyValueSpecification\",\"valueRequired\":true,\"valueName\":\"search_term_string\"}}],\"inLanguage\":\"tr\"}]}<\/script>\n<!-- \/ Yoast SEO plugin. -->","yoast_head_json":{"title":"Mas\u00f6z P\u0131nar - masajest.com","robots":{"index":"index","follow":"follow","max-snippet":"max-snippet:-1","max-image-preview":"max-image-preview:large","max-video-preview":"max-video-preview:-1"},"canonical":"https:\/\/www.masajest.com\/masaj\/reklamlar\/masoz-pinar\/","og_locale":"tr_TR","og_type":"article","og_title":"Mas\u00f6z P\u0131nar - masajest.com","og_description":"Mas\u00f6z P\u0131nar, huzurlu ve yenileyici bir deneyim sunmak i\u00e7in sizi bekliyor. Uzmanl\u0131k alan\u0131ndaki masaj teknikleriyle, v\u00fccudunuzu rahatlat\u0131rken, zihninizi de canland\u0131r\u0131yor. Her seans, bedensel rahatlaman\u0131n \u00f6tesine ge\u00e7erek, ruhsal dengeyi sa\u011flaman\u0131za yard\u0131mc\u0131 oluyor. Masajla a\u011fr\u0131lar\u0131n\u0131z\u0131 hafifletirken, enerji seviyenizi art\u0131rabilirsiniz.  Mas\u00f6z: \"Mas\u00f6z P\u0131nar ile her an\u0131n\u0131z\u0131 yenileyin, her dokunu\u015fta huzuru ke\u015ffedin.\"  Masaj, sadece bir rahatlama y\u00f6ntemi de\u011fil, ayn\u0131 zamanda sa\u011fl\u0131\u011f\u0131n\u0131za katk\u0131 sa\u011flayan \u00f6nemli bir terapidir. Mas\u00f6z P\u0131nar, ki\u015fisel ihtiya\u00e7lar\u0131n\u0131za g\u00f6re \u00f6zelle\u015ftirilmi\u015f seanslarla, hem bedeninizi hem de ruhunuzu yeniden \u015fekillendiriyor. Kendinizi \u015f\u0131mart\u0131n, P\u0131nar\u2019\u0131n masaj\u0131yla yenilenin.","og_url":"https:\/\/www.masajest.com\/masaj\/reklamlar\/masoz-pinar\/","og_site_name":"masajest.com","twitter_card":"summary_large_image","twitter_misc":{"Tahmini okuma s\u00fcresi":"1 dakika"},"schema":{"@context":"https:\/\/schema.org","@graph":[{"@type":"WebPage","@id":"https:\/\/www.masajest.com\/masaj\/reklamlar\/masoz-pinar\/","url":"https:\/\/www.masajest.com\/masaj\/reklamlar\/masoz-pinar\/","name":"Mas\u00f6z P\u0131nar - masajest.com","isPartOf":{"@id":"https:\/\/www.masajest.com\/masaj\/#website"},"datePublished":"2025-02-12T14:59:30+00:00","breadcrumb":{"@id":"https:\/\/www.masajest.com\/masaj\/reklamlar\/masoz-pinar\/#breadcrumb"},"inLanguage":"tr","potentialAction":[{"@type":"ReadAction","target":["https:\/\/www.masajest.com\/masaj\/reklamlar\/masoz-pinar\/"]}]},{"@type":"BreadcrumbList","@id":"https:\/\/www.masajest.com\/masaj\/reklamlar\/masoz-pinar\/#breadcrumb","itemListElement":[{"@type":"ListItem","position":1,"name":"Anasayfa","item":"https:\/\/www.masajest.com\/masaj\/"},{"@type":"ListItem","position":2,"name":"MASAJEST","item":"https:\/\/www.masajest.com\/masaj\/masajest\/"},{"@type":"ListItem","position":3,"name":"Mas\u00f6z P\u0131nar"}]},{"@type":"WebSite","@id":"https:\/\/www.masajest.com\/masaj\/#website","url":"https:\/\/www.masajest.com\/masaj\/","name":"masajest.com","description":"masajest.com","potentialAction":[{"@type":"SearchAction","target":{"@type":"EntryPoint","urlTemplate":"https:\/\/www.masajest.com\/masaj\/?s={search_term_string}"},"query-input":{"@type":"PropertyValueSpecification","valueRequired":true,"valueName":"search_term_string"}}],"inLanguage":"tr"}]}},"_links":{"self":[{"href":"https:\/\/www.masajest.com\/masaj\/wp-json\/wp\/v2\/product\/2843","targetHints":{"allow":["GET"]}}],"collection":[{"href":"https:\/\/www.masajest.com\/masaj\/wp-json\/wp\/v2\/product"}],"about":[{"href":"https:\/\/www.masajest.com\/masaj\/wp-json\/wp\/v2\/types\/product"}],"replies":[{"embeddable":true,"href":"https:\/\/www.masajest.com\/masaj\/wp-json\/wp\/v2\/comments?post=2843"}],"wp:attachment":[{"href":"https:\/\/www.masajest.com\/masaj\/wp-json\/wp\/v2\/media?parent=2843"}],"wp:term":[{"taxonomy":"product_brand","embeddable":true,"href":"https:\/\/www.masajest.com\/masaj\/wp-json\/wp\/v2\/product_brand?post=2843"},{"taxonomy":"product_cat","embeddable":true,"href":"https:\/\/www.masajest.com\/masaj\/wp-json\/wp\/v2\/product_cat?post=2843"},{"taxonomy":"product_tag","embeddable":true,"href":"https:\/\/www.masajest.com\/masaj\/wp-json\/wp\/v2\/product_tag?post=2843"}],"curies":[{"name":"wp","href":"https:\/\/api.w.org\/{rel}","templated":true}]}}